{"id":197,"date":"2022-10-03T12:17:30","date_gmt":"2022-10-03T12:17:30","guid":{"rendered":"https:\/\/www.menuchrudim.cz.uvirt130.active24.cz\/?page_id=197"},"modified":"2025-03-28T09:05:28","modified_gmt":"2025-03-28T09:05:28","slug":"197-2","status":"publish","type":"page","link":"https:\/\/www.menuchrudim.cz\/?page_id=197","title":{"rendered":"Ubytovna"},"content":{"rendered":"<p>[et_pb_section fb_built=&#8220;1&#8243; _builder_version=&#8220;4.18.0&#8243; _module_preset=&#8220;default&#8220; background_enable_color=&#8220;off&#8220; background_image=&#8220;https:\/\/www.menuchrudim.cz\/wp-content\/uploads\/2022\/07\/dzbanbg1-1.jpg&#8220; min_height=&#8220;489.2px&#8220; custom_margin=&#8220;-126px|||||&#8220; custom_padding=&#8220;69px||147px|||&#8220; global_colors_info=&#8220;{}&#8220;][et_pb_row column_structure=&#8220;1_2,1_2&#8243; _builder_version=&#8220;4.17.6&#8243; _module_preset=&#8220;default&#8220; width=&#8220;95%&#8220; max_width=&#8220;1405px&#8220; global_colors_info=&#8220;{}&#8220;][et_pb_column type=&#8220;1_2&#8243; _builder_version=&#8220;4.17.6&#8243; _module_preset=&#8220;default&#8220; global_colors_info=&#8220;{}&#8220;][et_pb_image src=&#8220;https:\/\/www.menuchrudim.cz.uvirt130.active24.cz\/wp-content\/uploads\/2022\/06\/dzban_logo.png&#8220; title_text=&#8220;dzban_logo&#8220; align=&#8220;center&#8220; _builder_version=&#8220;4.17.6&#8243; _module_preset=&#8220;default&#8220; width=&#8220;42%&#8220; max_width=&#8220;42%&#8220; min_height=&#8220;178px&#8220; height=&#8220;100px&#8220; max_height=&#8220;100px&#8220; custom_margin=&#8220;|115px|15px|||&#8220; custom_padding=&#8220;|13px||||&#8220; global_colors_info=&#8220;{}&#8220;][\/et_pb_image][\/et_pb_column][et_pb_column type=&#8220;1_2&#8243; _builder_version=&#8220;4.17.6&#8243; _module_preset=&#8220;default&#8220; global_colors_info=&#8220;{}&#8220;][et_pb_text disabled_on=&#8220;on|off|off&#8220; _builder_version=&#8220;4.21.0&#8243; _module_preset=&#8220;default&#8220; background_color=&#8220;rgba(109,109,109,0.47)&#8220; width=&#8220;46.1%&#8220; custom_margin=&#8220;|77px||352px||&#8220; custom_padding=&#8220;0px|52px||22px||&#8220; border_radii=&#8220;on|5px|5px|5px|5px&#8220; global_colors_info=&#8220;{}&#8220;]<\/p>\n<p style=\"text-align: left;\"><strong><span style=\"color: #ffffff;\">Adresa<\/span><\/strong><br \/><strong><span style=\"color: #ffffff;\">U D\u017eb\u00e1nu<\/span><\/strong><br \/><strong><span style=\"color: #ffffff;\">Erbenova 432<\/span><\/strong><br \/><strong><span style=\"color: #ffffff;\">537 01 Chrudim<\/span><\/strong><\/p>\n<p style=\"text-align: left;\"><strong><span style=\"color: #ffffff;\">Talefon:<\/span><\/strong><br \/><strong><span style=\"color: #ffffff;\">M\u00e1ca Horn\u00edk +420 776 660 031<\/span><\/strong><br \/><strong><span style=\"color: #ffffff;\">Hostinec\u00a0 \u00a0 \u00a0 \u00a0 +420 775 560 031<\/span><\/strong><\/p>\n<p>[\/et_pb_text][\/et_pb_column][\/et_pb_row][\/et_pb_section][et_pb_section fb_built=&#8220;1&#8243; _builder_version=&#8220;4.17.6&#8243; _module_preset=&#8220;default&#8220; min_height=&#8220;50px&#8220; height=&#8220;50px&#8220; max_height=&#8220;50px&#8220; custom_margin=&#8220;-1px|||||&#8220; custom_padding=&#8220;||12px|||&#8220; global_colors_info=&#8220;{}&#8220;][\/et_pb_section][et_pb_section fb_built=&#8220;1&#8243; _builder_version=&#8220;4.18.0&#8243; _module_preset=&#8220;default&#8220; background_color=&#8220;rgba(255,255,255,0.65)&#8220; background_image=&#8220;https:\/\/www.menuchrudim.cz\/wp-content\/uploads\/2022\/10\/postel.jpg&#8220; background_size=&#8220;contain&#8220; background_position=&#8220;bottom_center&#8220; background_vertical_offset=&#8220;0%&#8220; background_blend=&#8220;soft-light&#8220; width=&#8220;100%&#8220; max_width=&#8220;100%&#8220; min_height=&#8220;581.5px&#8220; custom_padding=&#8220;29px||0px|||&#8220; hover_transition_duration=&#8220;350ms&#8220; global_colors_info=&#8220;{}&#8220;][et_pb_row column_structure=&#8220;1_2,1_2&#8243; _builder_version=&#8220;4.18.0&#8243; _module_preset=&#8220;default&#8220; global_colors_info=&#8220;{}&#8220;][et_pb_column type=&#8220;1_2&#8243; _builder_version=&#8220;4.18.0&#8243; _module_preset=&#8220;default&#8220; global_colors_info=&#8220;{}&#8220;][et_pb_text _builder_version=&#8220;4.18.0&#8243; _module_preset=&#8220;default&#8220; custom_padding=&#8220;||5px|||&#8220; global_colors_info=&#8220;{}&#8220;]<\/p>\n<p><span style=\"color: #000000;\"><strong>Kapacita<\/strong><\/span><br \/><span style=\"color: #000000;\">15 l\u016f\u017eek<\/span><br \/><span style=\"color: #000000;\">5 pokoj\u016f ( po 2 &#8211; 5 l\u016f\u017ek\u00e1ch)<\/span><\/p>\n<p><span style=\"color: #000000;\"><strong>Pokoje<\/strong><\/span><br \/><span style=\"color: #000000;\">lednice<\/span><br \/><span style=\"color: #000000;\">spole\u010dn\u00e1 kuchy\u0148ka<\/span><br \/><span style=\"color: #000000;\">spole\u010dn\u00e1 WC a sprchy<\/span><br \/><span style=\"color: #000000;\">mo\u017enost \u00faschovy kol<\/span><\/p>\n<p><span style=\"color: #000000;\">internet<\/span><\/p>\n<p><span style=\"color: #000000;\"><strong>Cena<\/strong><\/span><br \/><span style=\"color: #000000;\">dohodou pro dlouhodob\u00e9 ubytov\u00e1n\u00ed<\/span><\/p>\n<p>[\/et_pb_text][\/et_pb_column][et_pb_column type=&#8220;1_2&#8243; _builder_version=&#8220;4.18.0&#8243; _module_preset=&#8220;default&#8220; global_colors_info=&#8220;{}&#8220;][et_pb_text _builder_version=&#8220;4.18.0&#8243; _module_preset=&#8220;default&#8220; global_colors_info=&#8220;{}&#8220;]<\/p>\n<p><span style=\"color: #000000;\"><strong>Lokalita<\/strong><\/span><br \/><span style=\"color: #000000;\">parkovi\u0161t\u011b p\u0159ed ubytovnou<\/span><br \/><span style=\"color: #000000;\">10 minut ch\u016fze od vlakov\u00e9ho i autobusov\u00e9ho n\u00e1dra\u017e\u00ed<\/span><br \/><span style=\"color: #000000;\">20 minut ch\u016fze do centra Chrudimi<\/span><\/p>\n<p>[\/et_pb_text][\/et_pb_column][\/et_pb_row][\/et_pb_section][et_pb_section fb_built=&#8220;1&#8243; _builder_version=&#8220;4.17.6&#8243; _module_preset=&#8220;default&#8220; global_colors_info=&#8220;{}&#8220;][\/et_pb_section][et_pb_section fb_built=&#8220;1&#8243; admin_label=&#8220;Contact Us&#8220; _builder_version=&#8220;4.18.0&#8243; _module_preset=&#8220;default&#8220; background_color=&#8220;rgba(0,0,0,0.15)&#8220; background_image=&#8220;https:\/\/www.menuchrudim.cz\/wp-content\/uploads\/2022\/05\/restaurant-hero-03.jpg&#8220; background_blend=&#8220;color&#8220; min_height=&#8220;963.3px&#8220; custom_margin=&#8220;-141px|||||&#8220; custom_padding=&#8220;100px|0px|100px|0px|true|&#8220; global_module=&#8220;176&#8243; saved_tabs=&#8220;all&#8220; locked=&#8220;off&#8220; collapsed=&#8220;off&#8220; global_colors_info=&#8220;{}&#8220;][et_pb_row _builder_version=&#8220;4.21.0&#8243; _module_preset=&#8220;default&#8220; global_colors_info=&#8220;{}&#8220;][et_pb_column type=&#8220;4_4&#8243; _builder_version=&#8220;4.21.0&#8243; _module_preset=&#8220;default&#8220; global_colors_info=&#8220;{}&#8220;][et_pb_map google_api_key=&#8220;1bb93b2b9bf7ff9c6947c02df02f63f37aa4d34f&#8220; address=&#8220;Erbenova 432, Chrudim IV, 537 01 Chrudim, \u010cesko&#8220; address_lat=&#8220;49.9520807&#8243; address_lng=&#8220;15.7822213&#8243; _builder_version=&#8220;4.21.0&#8243; _module_preset=&#8220;default&#8220; global_colors_info=&#8220;{}&#8220;][et_pb_map_pin pin_address=&#8220;Erbenova 432, Chrudim IV, 537 01 Chrudim, \u010cesko&#8220; pin_address_lat=&#8220;49.9520807&#8243; pin_address_lng=&#8220;15.7822213&#8243; _builder_version=&#8220;4.21.0&#8243; _module_preset=&#8220;default&#8220; global_colors_info=&#8220;{}&#8220;][\/et_pb_map_pin][\/et_pb_map][\/et_pb_column][\/et_pb_row][et_pb_row column_structure=&#8220;1_2,1_2&#8243; make_equal=&#8220;on&#8220; _builder_version=&#8220;4.16&#8243; _module_preset=&#8220;default&#8220; background_size=&#8220;initial&#8220; background_position=&#8220;top_left&#8220; background_repeat=&#8220;repeat&#8220; max_width=&#8220;1280px&#8220; custom_margin=&#8220;|||&#8220; custom_padding=&#8220;||0px|||&#8220; use_custom_width=&#8220;on&#8220; custom_width_px=&#8220;1280px&#8220; global_colors_info=&#8220;{}&#8220;][et_pb_column type=&#8220;1_2&#8243; _builder_version=&#8220;4.16&#8243; _module_preset=&#8220;default&#8220; background_color=&#8220;#1f1f1f&#8220; custom_padding=&#8220;100px|5%|100px|5%&#8220; global_colors_info=&#8220;{}&#8220; custom_padding__hover=&#8220;|||&#8220;][et_pb_text _builder_version=&#8220;4.16&#8243; _module_preset=&#8220;default&#8220; text_font=&#8220;Playfair Display||||&#8220; text_font_size=&#8220;30px&#8220; text_line_height=&#8220;1.3em&#8220; header_font=&#8220;||||||||&#8220; header_3_font=&#8220;Playfair Display||||||||&#8220; header_3_font_size=&#8220;30px&#8220; header_3_line_height=&#8220;1.3em&#8220; background_size=&#8220;initial&#8220; background_position=&#8220;top_left&#8220; background_repeat=&#8220;repeat&#8220; text_orientation=&#8220;center&#8220; background_layout=&#8220;dark&#8220; max_width=&#8220;400px&#8220; module_alignment=&#8220;center&#8220; custom_padding=&#8220;2px||30px|||&#8220; global_colors_info=&#8220;{}&#8220;]<\/p>\n<h3>Otev\u00edrac\u00ed doba<\/h3>\n<p>[\/et_pb_text][et_pb_text _builder_version=&#8220;4.27.4&#8243; _module_preset=&#8220;default&#8220; text_font=&#8220;Montserrat||||&#8220; text_text_color=&#8220;#ffffff&#8220; text_font_size=&#8220;15px&#8220; text_letter_spacing=&#8220;1px&#8220; text_line_height=&#8220;1.9em&#8220; background_size=&#8220;initial&#8220; background_position=&#8220;top_left&#8220; background_repeat=&#8220;repeat&#8220; text_orientation=&#8220;center&#8220; module_alignment=&#8220;center&#8220; custom_margin=&#8220;12px||12px|&#8220; animation_style=&#8220;zoom&#8220; animation_intensity_zoom=&#8220;20%&#8220; hover_enabled=&#8220;0&#8243; global_colors_info=&#8220;{}&#8220; sticky_enabled=&#8220;0&#8243;]<\/p>\n<p><strong>V\u00fddej ob\u011bd\u016f<\/strong><br \/>Pond\u011bl\u00ed \u2013 P\u00e1tak<strong><br \/><\/strong><span style=\"font-size: 15px;\">11:00am \u2013 14:00pm<\/span><\/p>\n<p><span style=\"font-size: 15px;\"><span><strong>Hostinec<\/strong><br \/><\/span><span>Pond\u011bl\u00ed \u2013 \u010ctvrtek<br \/>11:00 \u2013 22:00<\/span><\/span><span style=\"font-size: 15px;\"><strong><\/strong><\/span><\/p>\n<div class=\"et_pb_text_inner\">\n<div data-shortcode-id=\"4.0.0.1-1681733146819\" data-quickaccess-editable=\"yes\" class=\"et-fb-popover-tinymce\">\n<div class=\"mce-content-body\" contenteditable=\"true\" style=\"position: relative;\" spellcheck=\"false\" data-ms-editor=\"true\">\n<p><span style=\"font-size: 15px;\">P\u00e1tek:<br \/><\/span><span style=\"font-size: 15px;\">11:00 \u2013 24:00<\/span><\/p>\n<p><span style=\"font-size: 15px;\">Sobota:<br \/>15:00 \u2013 24:00<\/span><\/p>\n<p><span style=\"font-size: 15px;\">Ned\u011ble:<br \/><\/span><span style=\"font-size: 15px;\">15:00 &#8211; 22:00<\/span><\/p>\n<p><span style=\"font-size: 15px;\"><\/span><\/p>\n<p><span style=\"font-size: 15px;\"><\/span><\/p>\n<\/div>\n<\/div>\n<\/div>\n<div class=\"et_pb_text_inner\">\n<div data-shortcode-id=\"4.0.0.1-1681733146819\" data-quickaccess-editable=\"yes\" class=\"et-fb-popover-tinymce\">\n<div class=\"mce-content-body\" contenteditable=\"true\" style=\"position: relative;\" spellcheck=\"false\" data-ms-editor=\"true\"><\/div>\n<\/div>\n<\/div>\n<p><span style=\"font-size: 15px;\"><\/span><\/p>\n<p><span style=\"font-size: 15px;\"><\/span><\/p>\n<p><span style=\"font-size: 15px;\"><\/span><\/p>\n<p>[\/et_pb_text][\/et_pb_column][et_pb_column type=&#8220;1_2&#8243; _builder_version=&#8220;4.16&#8243; _module_preset=&#8220;default&#8220; background_color=&#8220;#1f1f1f&#8220; custom_padding=&#8220;100px|5%|100px|5%&#8220; global_colors_info=&#8220;{}&#8220; custom_padding__hover=&#8220;|||&#8220;][et_pb_blurb title=&#8220;U d\u017eb\u00e1nu&#8220; use_icon=&#8220;on&#8220; font_icon=&#8220;&#xf3c5;||fa||900&#8243; icon_color=&#8220;#FFFFFF&#8220; image_icon_background_color=&#8220;#1c1c1c&#8220; icon_placement=&#8220;left&#8220; image_icon_width=&#8220;167%&#8220; _builder_version=&#8220;4.18.0&#8243; _module_preset=&#8220;default&#8220; background_layout=&#8220;dark&#8220; global_colors_info=&#8220;{}&#8220;]<\/p>\n<p>Erbenova 432, Chrudim, 537 01<\/p>\n<p>[\/et_pb_blurb][et_pb_blurb title=&#8220;M\u00e1ca Horn\u00edk&#8220; use_icon=&#8220;on&#8220; font_icon=&#8220;&#xf879;||fa||900&#8243; icon_color=&#8220;#FFFFFF&#8220; image_icon_background_color=&#8220;#1c1c1c&#8220; icon_placement=&#8220;left&#8220; image_icon_width=&#8220;167%&#8220; _builder_version=&#8220;4.18.0&#8243; _module_preset=&#8220;default&#8220; background_layout=&#8220;dark&#8220; global_colors_info=&#8220;{}&#8220;]<\/p>\n<p>+420 776 660 031<\/p>\n<p>[\/et_pb_blurb][et_pb_blurb title=&#8220;udzbanu@gmail.com&#8220; use_icon=&#8220;on&#8220; font_icon=&#8220;&#xe010;||divi||400&#8243; icon_color=&#8220;#FFFFFF&#8220; image_icon_background_color=&#8220;#1c1c1c&#8220; icon_placement=&#8220;left&#8220; image_icon_width=&#8220;167%&#8220; _builder_version=&#8220;4.18.0&#8243; _module_preset=&#8220;default&#8220; header_font=&#8220;Alike|700||||on|||&#8220; header_font_size=&#8220;15px&#8220; background_layout=&#8220;dark&#8220; text_shadow_style=&#8220;preset3&#8243; global_colors_info=&#8220;{}&#8220;][\/et_pb_blurb][\/et_pb_column][\/et_pb_row][\/et_pb_section]<\/p>\n","protected":false},"excerpt":{"rendered":"<p>AdresaU D\u017eb\u00e1nuErbenova 432537 01 Chrudim Talefon:M\u00e1ca Horn\u00edk +420 776 660 031Hostinec\u00a0 \u00a0 \u00a0 \u00a0 +420 775 560 031Kapacita15 l\u016f\u017eek5 pokoj\u016f ( po 2 &#8211; 5 l\u016f\u017ek\u00e1ch) Pokojelednicespole\u010dn\u00e1 kuchy\u0148kaspole\u010dn\u00e1 WC a sprchymo\u017enost \u00faschovy kol internet Cenadohodou pro dlouhodob\u00e9 ubytov\u00e1n\u00edLokalitaparkovi\u0161t\u011b p\u0159ed ubytovnou10 minut ch\u016fze od vlakov\u00e9ho i autobusov\u00e9ho n\u00e1dra\u017e\u00ed20 minut ch\u016fze do centra ChrudimiOtev\u00edrac\u00ed dobaV\u00fddej ob\u011bd\u016fPond\u011bl\u00ed \u2013 [&hellip;]<\/p>\n","protected":false},"author":1,"featured_media":0,"parent":0,"menu_order":0,"comment_status":"closed","ping_status":"closed","template":"","meta":{"_et_pb_use_builder":"on","_et_pb_old_content":"","_et_gb_content_width":"1423","footnotes":""},"class_list":["post-197","page","type-page","status-publish","hentry"],"_links":{"self":[{"href":"https:\/\/www.menuchrudim.cz\/index.php?rest_route=\/wp\/v2\/pages\/197","targetHints":{"allow":["GET"]}}],"collection":[{"href":"https:\/\/www.menuchrudim.cz\/index.php?rest_route=\/wp\/v2\/pages"}],"about":[{"href":"https:\/\/www.menuchrudim.cz\/index.php?rest_route=\/wp\/v2\/types\/page"}],"author":[{"embeddable":true,"href":"https:\/\/www.menuchrudim.cz\/index.php?rest_route=\/wp\/v2\/users\/1"}],"replies":[{"embeddable":true,"href":"https:\/\/www.menuchrudim.cz\/index.php?rest_route=%2Fwp%2Fv2%2Fcomments&post=197"}],"version-history":[{"count":10,"href":"https:\/\/www.menuchrudim.cz\/index.php?rest_route=\/wp\/v2\/pages\/197\/revisions"}],"predecessor-version":[{"id":473,"href":"https:\/\/www.menuchrudim.cz\/index.php?rest_route=\/wp\/v2\/pages\/197\/revisions\/473"}],"wp:attachment":[{"href":"https:\/\/www.menuchrudim.cz\/index.php?rest_route=%2Fwp%2Fv2%2Fmedia&parent=197"}],"curies":[{"name":"wp","href":"https:\/\/api.w.org\/{rel}","templated":true}]}}